{"id":8152,"date":"2025-02-06T09:50:22","date_gmt":"2025-02-06T09:50:22","guid":{"rendered":"http:\/\/www.compacthabit.com\/wp-content\/uploads\/2025\/02\/Reduccio-terminis-de-construccio-amb-construccio-modular.jpg"},"modified":"2025-02-06T09:50:27","modified_gmt":"2025-02-06T09:50:27","slug":"reduccio-terminis-de-construccio-amb-construccio-modular-2","status":"inherit","type":"attachment","link":"https:\/\/www.compacthabit.com\/es\/2025\/02\/14\/reduccion-plazos-de-la-construccion-con-construccion-modular\/reduccio-terminis-de-construccio-amb-construccio-modular-2\/","title":{"rendered":"Reduccio terminis de construccio amb construccio modular"},"author":1,"featured_media":0,"comment_status":"closed","ping_status":"closed","template":"","meta":{"_acf_changed":false,"_monsterinsights_skip_tracking":false,"_monsterinsights_sitenote_active":false,"_monsterinsights_sitenote_note":"","_monsterinsights_sitenote_category":0},"class_list":["post-8152","attachment","type-attachment","status-inherit","hentry"],"acf":[],"yoast_head":"<!-- This site is optimized with the Yoast SEO plugin v26.0 - https:\/\/yoast.com\/wordpress\/plugins\/seo\/ -->\n<title>Reduccio terminis de construccio amb construccio modular - CompactHabit<\/title>\n<meta name=\"robots\" content=\"index, follow, max-snippet:-1, max-image-preview:large, max-video-preview:-1\" \/>\n<meta property=\"og:locale\" content=\"es_ES\" \/>\n<meta property=\"og:type\" content=\"article\" \/>\n<meta property=\"og:title\" content=\"Reduccio terminis de construccio amb construccio modular - CompactHabit\" \/>\n<meta property=\"og:url\" content=\"https:\/\/www.compacthabit.com\/es\/2025\/02\/14\/reduccion-plazos-de-la-construccion-con-construccion-modular\/reduccio-terminis-de-construccio-amb-construccio-modular-2\/\" \/>\n<meta property=\"og:site_name\" content=\"CompactHabit\" \/>\n<meta property=\"article:publisher\" content=\"https:\/\/www.facebook.com\/CompactHabit\/\" \/>\n<meta property=\"article:modified_time\" content=\"2025-02-06T09:50:27+00:00\" \/>\n<meta property=\"og:image\" content=\"https:\/\/www.compacthabit.com\/wp-content\/uploads\/2025\/02\/Reduccio-terminis-de-construccio-amb-construccio-modular.jpg?_t=1738835427\" \/>\n\t<meta property=\"og:image:width\" content=\"905\" \/>\n\t<meta property=\"og:image:height\" content=\"500\" \/>\n\t<meta property=\"og:image:type\" content=\"image\/jpeg\" \/>\n<meta name=\"twitter:card\" content=\"summary_large_image\" \/>\n<meta name=\"twitter:site\" content=\"@compacthabit2\" \/>\n<script type=\"application\/ld+json\" class=\"yoast-schema-graph\">{\"@context\":\"https:\/\/schema.org\",\"@graph\":[{\"@type\":\"WebPage\",\"@id\":\"https:\/\/www.compacthabit.com\/es\/2025\/02\/14\/reduccion-plazos-de-la-construccion-con-construccion-modular\/reduccio-terminis-de-construccio-amb-construccio-modular-2\/\",\"url\":\"https:\/\/www.compacthabit.com\/es\/2025\/02\/14\/reduccion-plazos-de-la-construccion-con-construccion-modular\/reduccio-terminis-de-construccio-amb-construccio-modular-2\/\",\"name\":\"Reduccio terminis de construccio amb construccio modular - CompactHabit\",\"isPartOf\":{\"@id\":\"https:\/\/www.compacthabit.com\/es\/fr\/#website\"},\"datePublished\":\"2025-02-06T09:50:22+00:00\",\"dateModified\":\"2025-02-06T09:50:27+00:00\",\"breadcrumb\":{\"@id\":\"https:\/\/www.compacthabit.com\/es\/2025\/02\/14\/reduccion-plazos-de-la-construccion-con-construccion-modular\/reduccio-terminis-de-construccio-amb-construccio-modular-2\/#breadcrumb\"},\"inLanguage\":\"es\",\"potentialAction\":[{\"@type\":\"ReadAction\",\"target\":[\"https:\/\/www.compacthabit.com\/es\/2025\/02\/14\/reduccion-plazos-de-la-construccion-con-construccion-modular\/reduccio-terminis-de-construccio-amb-construccio-modular-2\/\"]}]},{\"@type\":\"BreadcrumbList\",\"@id\":\"https:\/\/www.compacthabit.com\/es\/2025\/02\/14\/reduccion-plazos-de-la-construccion-con-construccion-modular\/reduccio-terminis-de-construccio-amb-construccio-modular-2\/#breadcrumb\",\"itemListElement\":[{\"@type\":\"ListItem\",\"position\":1,\"name\":\"Portada\",\"item\":\"https:\/\/www.compacthabit.com\/es\/\"},{\"@type\":\"ListItem\",\"position\":2,\"name\":\"Reducci\u00f3n de plazos en construcci\u00f3n: c\u00f3mo avanzar m\u00e1s r\u00e1pido con la construcci\u00f3n modular\",\"item\":\"https:\/\/www.compacthabit.com\/es\/2025\/02\/14\/reduccion-plazos-de-la-construccion-con-construccion-modular\/\"},{\"@type\":\"ListItem\",\"position\":3,\"name\":\"Reduccio terminis de construccio amb construccio modular\"}]},{\"@type\":\"WebSite\",\"@id\":\"https:\/\/www.compacthabit.com\/es\/fr\/#website\",\"url\":\"https:\/\/www.compacthabit.com\/es\/fr\/\",\"name\":\"CompactHabit\",\"description\":\"\",\"potentialAction\":[{\"@type\":\"SearchAction\",\"target\":{\"@type\":\"EntryPoint\",\"urlTemplate\":\"https:\/\/www.compacthabit.com\/es\/fr\/?s={search_term_string}\"},\"query-input\":{\"@type\":\"PropertyValueSpecification\",\"valueRequired\":true,\"valueName\":\"search_term_string\"}}],\"inLanguage\":\"es\"}]}<\/script>\n<!-- \/ Yoast SEO plugin. -->","yoast_head_json":{"title":"Reduccio terminis de construccio amb construccio modular - CompactHabit","robots":{"index":"index","follow":"follow","max-snippet":"max-snippet:-1","max-image-preview":"max-image-preview:large","max-video-preview":"max-video-preview:-1"},"og_locale":"es_ES","og_type":"article","og_title":"Reduccio terminis de construccio amb construccio modular - CompactHabit","og_url":"https:\/\/www.compacthabit.com\/es\/2025\/02\/14\/reduccion-plazos-de-la-construccion-con-construccion-modular\/reduccio-terminis-de-construccio-amb-construccio-modular-2\/","og_site_name":"CompactHabit","article_publisher":"https:\/\/www.facebook.com\/CompactHabit\/","article_modified_time":"2025-02-06T09:50:27+00:00","og_image":[{"width":905,"height":500,"url":"https:\/\/www.compacthabit.com\/wp-content\/uploads\/2025\/02\/Reduccio-terminis-de-construccio-amb-construccio-modular.jpg?_t=1738835427","type":"image\/jpeg"}],"twitter_card":"summary_large_image","twitter_site":"@compacthabit2","schema":{"@context":"https:\/\/schema.org","@graph":[{"@type":"WebPage","@id":"https:\/\/www.compacthabit.com\/es\/2025\/02\/14\/reduccion-plazos-de-la-construccion-con-construccion-modular\/reduccio-terminis-de-construccio-amb-construccio-modular-2\/","url":"https:\/\/www.compacthabit.com\/es\/2025\/02\/14\/reduccion-plazos-de-la-construccion-con-construccion-modular\/reduccio-terminis-de-construccio-amb-construccio-modular-2\/","name":"Reduccio terminis de construccio amb construccio modular - CompactHabit","isPartOf":{"@id":"https:\/\/www.compacthabit.com\/es\/fr\/#website"},"datePublished":"2025-02-06T09:50:22+00:00","dateModified":"2025-02-06T09:50:27+00:00","breadcrumb":{"@id":"https:\/\/www.compacthabit.com\/es\/2025\/02\/14\/reduccion-plazos-de-la-construccion-con-construccion-modular\/reduccio-terminis-de-construccio-amb-construccio-modular-2\/#breadcrumb"},"inLanguage":"es","potentialAction":[{"@type":"ReadAction","target":["https:\/\/www.compacthabit.com\/es\/2025\/02\/14\/reduccion-plazos-de-la-construccion-con-construccion-modular\/reduccio-terminis-de-construccio-amb-construccio-modular-2\/"]}]},{"@type":"BreadcrumbList","@id":"https:\/\/www.compacthabit.com\/es\/2025\/02\/14\/reduccion-plazos-de-la-construccion-con-construccion-modular\/reduccio-terminis-de-construccio-amb-construccio-modular-2\/#breadcrumb","itemListElement":[{"@type":"ListItem","position":1,"name":"Portada","item":"https:\/\/www.compacthabit.com\/es\/"},{"@type":"ListItem","position":2,"name":"Reducci\u00f3n de plazos en construcci\u00f3n: c\u00f3mo avanzar m\u00e1s r\u00e1pido con la construcci\u00f3n modular","item":"https:\/\/www.compacthabit.com\/es\/2025\/02\/14\/reduccion-plazos-de-la-construccion-con-construccion-modular\/"},{"@type":"ListItem","position":3,"name":"Reduccio terminis de construccio amb construccio modular"}]},{"@type":"WebSite","@id":"https:\/\/www.compacthabit.com\/es\/fr\/#website","url":"https:\/\/www.compacthabit.com\/es\/fr\/","name":"CompactHabit","description":"","potentialAction":[{"@type":"SearchAction","target":{"@type":"EntryPoint","urlTemplate":"https:\/\/www.compacthabit.com\/es\/fr\/?s={search_term_string}"},"query-input":{"@type":"PropertyValueSpecification","valueRequired":true,"valueName":"search_term_string"}}],"inLanguage":"es"}]}},"description":{"rendered":"<p class=\"attachment\"><a href='https:\/\/www.compacthabit.com\/wp-content\/uploads\/2025\/02\/Reduccio-terminis-de-construccio-amb-construccio-modular.jpg'><img loading=\"lazy\" decoding=\"async\" width=\"300\" height=\"166\" src=\"https:\/\/www.compacthabit.com\/wp-content\/uploads\/2025\/02\/Reduccio-terminis-de-construccio-amb-construccio-modular-300x166.jpg\" class=\"attachment-medium size-medium\" alt=\"Reduccio terminis de construccio amb construccio modular\" srcset=\"https:\/\/www.compacthabit.com\/wp-content\/uploads\/2025\/02\/Reduccio-terminis-de-construccio-amb-construccio-modular-300x166.jpg 300w, https:\/\/www.compacthabit.com\/wp-content\/uploads\/2025\/02\/Reduccio-terminis-de-construccio-amb-construccio-modular-768x424.jpg 768w, https:\/\/www.compacthabit.com\/wp-content\/uploads\/2025\/02\/Reduccio-terminis-de-construccio-amb-construccio-modular-260x144.jpg 260w, https:\/\/www.compacthabit.com\/wp-content\/uploads\/2025\/02\/Reduccio-terminis-de-construccio-amb-construccio-modular-50x28.jpg 50w, https:\/\/www.compacthabit.com\/wp-content\/uploads\/2025\/02\/Reduccio-terminis-de-construccio-amb-construccio-modular-136x75.jpg 136w, https:\/\/www.compacthabit.com\/wp-content\/uploads\/2025\/02\/Reduccio-terminis-de-construccio-amb-construccio-modular.jpg 905w\" sizes=\"auto, (max-width: 300px) 100vw, 300px\" \/><\/a><\/p>\n"},"caption":{"rendered":""},"alt_text":"Reduccio terminis de construccio amb construccio modular","media_type":"image","mime_type":"image\/jpeg","media_details":{"width":905,"height":500,"file":"2025\/02\/Reduccio-terminis-de-construccio-amb-construccio-modular.jpg","filesize":65435,"sizes":{"medium":{"file":"Reduccio-terminis-de-construccio-amb-construccio-modular-300x166.jpg","width":300,"height":166,"filesize":10698,"mime_type":"image\/jpeg","source_url":"https:\/\/www.compacthabit.com\/wp-content\/uploads\/2025\/02\/Reduccio-terminis-de-construccio-amb-construccio-modular-300x166.jpg"},"thumbnail":{"file":"Reduccio-terminis-de-construccio-amb-construccio-modular-150x150.jpg","width":150,"height":150,"filesize":5830,"mime_type":"image\/jpeg","source_url":"https:\/\/www.compacthabit.com\/wp-content\/uploads\/2025\/02\/Reduccio-terminis-de-construccio-amb-construccio-modular-150x150.jpg"},"medium_large":{"file":"Reduccio-terminis-de-construccio-amb-construccio-modular-768x424.jpg","width":768,"height":424,"filesize":46201,"mime_type":"image\/jpeg","source_url":"https:\/\/www.compacthabit.com\/wp-content\/uploads\/2025\/02\/Reduccio-terminis-de-construccio-amb-construccio-modular-768x424.jpg"},"post-thumbnail":{"file":"Reduccio-terminis-de-construccio-amb-construccio-modular-260x144.jpg","width":260,"height":144,"filesize":8546,"mime_type":"image\/jpeg","source_url":"https:\/\/www.compacthabit.com\/wp-content\/uploads\/2025\/02\/Reduccio-terminis-de-construccio-amb-construccio-modular-260x144.jpg"},"50x50":{"file":"Reduccio-terminis-de-construccio-amb-construccio-modular-50x28.jpg","width":50,"height":28,"filesize":1187,"mime_type":"image\/jpeg","source_url":"https:\/\/www.compacthabit.com\/wp-content\/uploads\/2025\/02\/Reduccio-terminis-de-construccio-amb-construccio-modular-50x28.jpg"},"clients-slider":{"file":"Reduccio-terminis-de-construccio-amb-construccio-modular-136x75.jpg","width":136,"height":75,"filesize":3291,"mime_type":"image\/jpeg","source_url":"https:\/\/www.compacthabit.com\/wp-content\/uploads\/2025\/02\/Reduccio-terminis-de-construccio-amb-construccio-modular-136x75.jpg"},"testimonials":{"file":"Reduccio-terminis-de-construccio-amb-construccio-modular-85x85.jpg","width":85,"height":85,"filesize":2613,"mime_type":"image\/jpeg","source_url":"https:\/\/www.compacthabit.com\/wp-content\/uploads\/2025\/02\/Reduccio-terminis-de-construccio-amb-construccio-modular-85x85.jpg"},"blog-navi":{"file":"Reduccio-terminis-de-construccio-amb-construccio-modular-80x80.jpg","width":80,"height":80,"filesize":2329,"mime_type":"image\/jpeg","source_url":"https:\/\/www.compacthabit.com\/wp-content\/uploads\/2025\/02\/Reduccio-terminis-de-construccio-amb-construccio-modular-80x80.jpg"},"portfolio-mf-t":{"file":"Reduccio-terminis-de-construccio-amb-construccio-modular-768x500.jpg","width":768,"height":500,"filesize":58478,"mime_type":"image\/jpeg","source_url":"https:\/\/www.compacthabit.com\/wp-content\/uploads\/2025\/02\/Reduccio-terminis-de-construccio-amb-construccio-modular-768x500.jpg"},"blog-single":{"file":"Reduccio-terminis-de-construccio-amb-construccio-modular-905x480.jpg","width":905,"height":480,"filesize":63011,"mime_type":"image\/jpeg","source_url":"https:\/\/www.compacthabit.com\/wp-content\/uploads\/2025\/02\/Reduccio-terminis-de-construccio-amb-construccio-modular-905x480.jpg"},"full":{"file":"Reduccio-terminis-de-construccio-amb-construccio-modular.jpg","width":905,"height":500,"mime_type":"image\/jpeg","source_url":"https:\/\/www.compacthabit.com\/wp-content\/uploads\/2025\/02\/Reduccio-terminis-de-construccio-amb-construccio-modular.jpg"}},"image_meta":{"aperture":"0","credit":"","camera":"","caption":"","created_timestamp":"0","copyright":"","focal_length":"0","iso":"0","shutter_speed":"0","title":"","orientation":"1","keywords":[]}},"post":8128,"source_url":"https:\/\/www.compacthabit.com\/wp-content\/uploads\/2025\/02\/Reduccio-terminis-de-construccio-amb-construccio-modular.jpg","_links":{"self":[{"href":"https:\/\/www.compacthabit.com\/es\/wp-json\/wp\/v2\/media\/8152","targetHints":{"allow":["GET"]}}],"collection":[{"href":"https:\/\/www.compacthabit.com\/es\/wp-json\/wp\/v2\/media"}],"about":[{"href":"https:\/\/www.compacthabit.com\/es\/wp-json\/wp\/v2\/types\/attachment"}],"author":[{"embeddable":true,"href":"https:\/\/www.compacthabit.com\/es\/wp-json\/wp\/v2\/users\/1"}],"replies":[{"embeddable":true,"href":"https:\/\/www.compacthabit.com\/es\/wp-json\/wp\/v2\/comments?post=8152"}]}}

<!-- This site is optimized with the Yoast SEO plugin v26.0 - https://yoast.com/wordpress/plugins/seo/ -->
<title>Reduccio terminis de construccio amb construccio modular - CompactHabit</title>
<meta name="robots" content="index, follow, max-snippet:-1, max-image-preview:large, max-video-preview:-1" />
<meta property="og:locale" content="es_ES" />
<meta property="og:type" content="article" />
<meta property="og:title" content="Reduccio terminis de construccio amb construccio modular - CompactHabit" />
<meta property="og:url" content="https://www.compacthabit.com/es/2025/02/14/reduccion-plazos-de-la-construccion-con-construccion-modular/reduccio-terminis-de-construccio-amb-construccio-modular-2/" />
<meta property="og:site_name" content="CompactHabit" />
<meta property="article:publisher" content="https://www.facebook.com/CompactHabit/" />
<meta property="article:modified_time" content="2025-02-06T09:50:27+00:00" />
<meta property="og:image" content="https://www.compacthabit.com/wp-content/uploads/2025/02/Reduccio-terminis-de-construccio-amb-construccio-modular.jpg?_t=1738835427" />
	<meta property="og:image:width" content="905" />
	<meta property="og:image:height" content="500" />
	<meta property="og:image:type" content="image/jpeg" />
<meta name="twitter:card" content="summary_large_image" />
<meta name="twitter:site" content="@compacthabit2" />
<script type="application/ld+json" class="yoast-schema-graph">{"@context":"https://schema.org","@graph":[{"@type":"WebPage","@id":"https://www.compacthabit.com/es/2025/02/14/reduccion-plazos-de-la-construccion-con-construccion-modular/reduccio-terminis-de-construccio-amb-construccio-modular-2/","url":"https://www.compacthabit.com/es/2025/02/14/reduccion-plazos-de-la-construccion-con-construccion-modular/reduccio-terminis-de-construccio-amb-construccio-modular-2/","name":"Reduccio terminis de construccio amb construccio modular - CompactHabit","isPartOf":{"@id":"https://www.compacthabit.com/es/fr/#website"},"datePublished":"2025-02-06T09:50:22+00:00","dateModified":"2025-02-06T09:50:27+00:00","breadcrumb":{"@id":"https://www.compacthabit.com/es/2025/02/14/reduccion-plazos-de-la-construccion-con-construccion-modular/reduccio-terminis-de-construccio-amb-construccio-modular-2/#breadcrumb"},"inLanguage":"es","potentialAction":[{"@type":"ReadAction","target":["https://www.compacthabit.com/es/2025/02/14/reduccion-plazos-de-la-construccion-con-construccion-modular/reduccio-terminis-de-construccio-amb-construccio-modular-2/"]}]},{"@type":"BreadcrumbList","@id":"https://www.compacthabit.com/es/2025/02/14/reduccion-plazos-de-la-construccion-con-construccion-modular/reduccio-terminis-de-construccio-amb-construccio-modular-2/#breadcrumb","itemListElement":[{"@type":"ListItem","position":1,"name":"Portada","item":"https://www.compacthabit.com/es/"},{"@type":"ListItem","position":2,"name":"Reducción de plazos en construcción: cómo avanzar más rápido con la construcción modular","item":"https://www.compacthabit.com/es/2025/02/14/reduccion-plazos-de-la-construccion-con-construccion-modular/"},{"@type":"ListItem","position":3,"name":"Reduccio terminis de construccio amb construccio modular"}]},{"@type":"WebSite","@id":"https://www.compacthabit.com/es/fr/#website","url":"https://www.compacthabit.com/es/fr/","name":"CompactHabit","description":"","potentialAction":[{"@type":"SearchAction","target":{"@type":"EntryPoint","urlTemplate":"https://www.compacthabit.com/es/fr/?s={search_term_string}"},"query-input":{"@type":"PropertyValueSpecification","valueRequired":true,"valueName":"search_term_string"}}],"inLanguage":"es"}]}</script>
<!-- / Yoast SEO plugin. -->

Reducción de plazos en construcción: cómo avanzar más rápido con la construcción modular
