{"id":8134,"date":"2025-02-06T09:15:54","date_gmt":"2025-02-06T09:15:54","guid":{"rendered":"http:\/\/www.compacthabit.com\/wp-content\/uploads\/2025\/02\/Preparacio-terreny-obra-per-construccio-modular.png"},"modified":"2025-02-06T09:16:17","modified_gmt":"2025-02-06T09:16:17","slug":"preparacio-terreny-obra-per-construccio-modular-2","status":"inherit","type":"attachment","link":"https:\/\/www.compacthabit.com\/es\/2025\/02\/14\/reduccion-plazos-de-la-construccion-con-construccion-modular\/preparacio-terreny-obra-per-construccio-modular-2\/","title":{"rendered":"Preparacio terreny obra per construccio modular"},"author":1,"featured_media":0,"comment_status":"closed","ping_status":"closed","template":"","meta":{"_acf_changed":false,"_monsterinsights_skip_tracking":false,"_monsterinsights_sitenote_active":false,"_monsterinsights_sitenote_note":"","_monsterinsights_sitenote_category":0},"class_list":["post-8134","attachment","type-attachment","status-inherit","hentry"],"acf":[],"yoast_head":"<!-- This site is optimized with the Yoast SEO plugin v26.0 - https:\/\/yoast.com\/wordpress\/plugins\/seo\/ -->\n<title>Preparacio terreny obra per construccio modular - CompactHabit<\/title>\n<meta name=\"robots\" content=\"index, follow, max-snippet:-1, max-image-preview:large, max-video-preview:-1\" \/>\n<meta property=\"og:locale\" content=\"es_ES\" \/>\n<meta property=\"og:type\" content=\"article\" \/>\n<meta property=\"og:title\" content=\"Preparacio terreny obra per construccio modular - CompactHabit\" \/>\n<meta property=\"og:url\" content=\"https:\/\/www.compacthabit.com\/es\/2025\/02\/14\/reduccion-plazos-de-la-construccion-con-construccion-modular\/preparacio-terreny-obra-per-construccio-modular-2\/\" \/>\n<meta property=\"og:site_name\" content=\"CompactHabit\" \/>\n<meta property=\"article:publisher\" content=\"https:\/\/www.facebook.com\/CompactHabit\/\" \/>\n<meta property=\"article:modified_time\" content=\"2025-02-06T09:16:17+00:00\" \/>\n<meta property=\"og:image\" content=\"https:\/\/www.compacthabit.com\/wp-content\/uploads\/2025\/02\/Preparacio-terreny-obra-per-construccio-modular.png?_t=1738833377\" \/>\n\t<meta property=\"og:image:width\" content=\"447\" \/>\n\t<meta property=\"og:image:height\" content=\"277\" \/>\n\t<meta property=\"og:image:type\" content=\"image\/png\" \/>\n<meta name=\"twitter:card\" content=\"summary_large_image\" \/>\n<meta name=\"twitter:site\" content=\"@compacthabit2\" \/>\n<script type=\"application\/ld+json\" class=\"yoast-schema-graph\">{\"@context\":\"https:\/\/schema.org\",\"@graph\":[{\"@type\":\"WebPage\",\"@id\":\"https:\/\/www.compacthabit.com\/es\/2025\/02\/14\/reduccion-plazos-de-la-construccion-con-construccion-modular\/preparacio-terreny-obra-per-construccio-modular-2\/\",\"url\":\"https:\/\/www.compacthabit.com\/es\/2025\/02\/14\/reduccion-plazos-de-la-construccion-con-construccion-modular\/preparacio-terreny-obra-per-construccio-modular-2\/\",\"name\":\"Preparacio terreny obra per construccio modular - CompactHabit\",\"isPartOf\":{\"@id\":\"https:\/\/www.compacthabit.com\/es\/fr\/#website\"},\"datePublished\":\"2025-02-06T09:15:54+00:00\",\"dateModified\":\"2025-02-06T09:16:17+00:00\",\"breadcrumb\":{\"@id\":\"https:\/\/www.compacthabit.com\/es\/2025\/02\/14\/reduccion-plazos-de-la-construccion-con-construccion-modular\/preparacio-terreny-obra-per-construccio-modular-2\/#breadcrumb\"},\"inLanguage\":\"es\",\"potentialAction\":[{\"@type\":\"ReadAction\",\"target\":[\"https:\/\/www.compacthabit.com\/es\/2025\/02\/14\/reduccion-plazos-de-la-construccion-con-construccion-modular\/preparacio-terreny-obra-per-construccio-modular-2\/\"]}]},{\"@type\":\"BreadcrumbList\",\"@id\":\"https:\/\/www.compacthabit.com\/es\/2025\/02\/14\/reduccion-plazos-de-la-construccion-con-construccion-modular\/preparacio-terreny-obra-per-construccio-modular-2\/#breadcrumb\",\"itemListElement\":[{\"@type\":\"ListItem\",\"position\":1,\"name\":\"Portada\",\"item\":\"https:\/\/www.compacthabit.com\/es\/\"},{\"@type\":\"ListItem\",\"position\":2,\"name\":\"Reducci\u00f3n de plazos en construcci\u00f3n: c\u00f3mo avanzar m\u00e1s r\u00e1pido con la construcci\u00f3n modular\",\"item\":\"https:\/\/www.compacthabit.com\/es\/2025\/02\/14\/reduccion-plazos-de-la-construccion-con-construccion-modular\/\"},{\"@type\":\"ListItem\",\"position\":3,\"name\":\"Preparacio terreny obra per construccio modular\"}]},{\"@type\":\"WebSite\",\"@id\":\"https:\/\/www.compacthabit.com\/es\/fr\/#website\",\"url\":\"https:\/\/www.compacthabit.com\/es\/fr\/\",\"name\":\"CompactHabit\",\"description\":\"\",\"potentialAction\":[{\"@type\":\"SearchAction\",\"target\":{\"@type\":\"EntryPoint\",\"urlTemplate\":\"https:\/\/www.compacthabit.com\/es\/fr\/?s={search_term_string}\"},\"query-input\":{\"@type\":\"PropertyValueSpecification\",\"valueRequired\":true,\"valueName\":\"search_term_string\"}}],\"inLanguage\":\"es\"}]}<\/script>\n<!-- \/ Yoast SEO plugin. -->","yoast_head_json":{"title":"Preparacio terreny obra per construccio modular - CompactHabit","robots":{"index":"index","follow":"follow","max-snippet":"max-snippet:-1","max-image-preview":"max-image-preview:large","max-video-preview":"max-video-preview:-1"},"og_locale":"es_ES","og_type":"article","og_title":"Preparacio terreny obra per construccio modular - CompactHabit","og_url":"https:\/\/www.compacthabit.com\/es\/2025\/02\/14\/reduccion-plazos-de-la-construccion-con-construccion-modular\/preparacio-terreny-obra-per-construccio-modular-2\/","og_site_name":"CompactHabit","article_publisher":"https:\/\/www.facebook.com\/CompactHabit\/","article_modified_time":"2025-02-06T09:16:17+00:00","og_image":[{"width":447,"height":277,"url":"https:\/\/www.compacthabit.com\/wp-content\/uploads\/2025\/02\/Preparacio-terreny-obra-per-construccio-modular.png?_t=1738833377","type":"image\/png"}],"twitter_card":"summary_large_image","twitter_site":"@compacthabit2","schema":{"@context":"https:\/\/schema.org","@graph":[{"@type":"WebPage","@id":"https:\/\/www.compacthabit.com\/es\/2025\/02\/14\/reduccion-plazos-de-la-construccion-con-construccion-modular\/preparacio-terreny-obra-per-construccio-modular-2\/","url":"https:\/\/www.compacthabit.com\/es\/2025\/02\/14\/reduccion-plazos-de-la-construccion-con-construccion-modular\/preparacio-terreny-obra-per-construccio-modular-2\/","name":"Preparacio terreny obra per construccio modular - CompactHabit","isPartOf":{"@id":"https:\/\/www.compacthabit.com\/es\/fr\/#website"},"datePublished":"2025-02-06T09:15:54+00:00","dateModified":"2025-02-06T09:16:17+00:00","breadcrumb":{"@id":"https:\/\/www.compacthabit.com\/es\/2025\/02\/14\/reduccion-plazos-de-la-construccion-con-construccion-modular\/preparacio-terreny-obra-per-construccio-modular-2\/#breadcrumb"},"inLanguage":"es","potentialAction":[{"@type":"ReadAction","target":["https:\/\/www.compacthabit.com\/es\/2025\/02\/14\/reduccion-plazos-de-la-construccion-con-construccion-modular\/preparacio-terreny-obra-per-construccio-modular-2\/"]}]},{"@type":"BreadcrumbList","@id":"https:\/\/www.compacthabit.com\/es\/2025\/02\/14\/reduccion-plazos-de-la-construccion-con-construccion-modular\/preparacio-terreny-obra-per-construccio-modular-2\/#breadcrumb","itemListElement":[{"@type":"ListItem","position":1,"name":"Portada","item":"https:\/\/www.compacthabit.com\/es\/"},{"@type":"ListItem","position":2,"name":"Reducci\u00f3n de plazos en construcci\u00f3n: c\u00f3mo avanzar m\u00e1s r\u00e1pido con la construcci\u00f3n modular","item":"https:\/\/www.compacthabit.com\/es\/2025\/02\/14\/reduccion-plazos-de-la-construccion-con-construccion-modular\/"},{"@type":"ListItem","position":3,"name":"Preparacio terreny obra per construccio modular"}]},{"@type":"WebSite","@id":"https:\/\/www.compacthabit.com\/es\/fr\/#website","url":"https:\/\/www.compacthabit.com\/es\/fr\/","name":"CompactHabit","description":"","potentialAction":[{"@type":"SearchAction","target":{"@type":"EntryPoint","urlTemplate":"https:\/\/www.compacthabit.com\/es\/fr\/?s={search_term_string}"},"query-input":{"@type":"PropertyValueSpecification","valueRequired":true,"valueName":"search_term_string"}}],"inLanguage":"es"}]}},"description":{"rendered":"<p class=\"attachment\"><a href='https:\/\/www.compacthabit.com\/wp-content\/uploads\/2025\/02\/Preparacio-terreny-obra-per-construccio-modular.png'><img loading=\"lazy\" decoding=\"async\" width=\"300\" height=\"186\" src=\"https:\/\/www.compacthabit.com\/wp-content\/uploads\/2025\/02\/Preparacio-terreny-obra-per-construccio-modular-300x186.png\" class=\"attachment-medium size-medium\" alt=\"Preparacio terreny obra per construccio modular\" srcset=\"https:\/\/www.compacthabit.com\/wp-content\/uploads\/2025\/02\/Preparacio-terreny-obra-per-construccio-modular-300x186.png 300w, https:\/\/www.compacthabit.com\/wp-content\/uploads\/2025\/02\/Preparacio-terreny-obra-per-construccio-modular-236x146.png 236w, https:\/\/www.compacthabit.com\/wp-content\/uploads\/2025\/02\/Preparacio-terreny-obra-per-construccio-modular-50x31.png 50w, https:\/\/www.compacthabit.com\/wp-content\/uploads\/2025\/02\/Preparacio-terreny-obra-per-construccio-modular-121x75.png 121w, https:\/\/www.compacthabit.com\/wp-content\/uploads\/2025\/02\/Preparacio-terreny-obra-per-construccio-modular.png 447w\" sizes=\"auto, (max-width: 300px) 100vw, 300px\" \/><\/a><\/p>\n"},"caption":{"rendered":""},"alt_text":"Preparacio terreny obra per construccio modular","media_type":"image","mime_type":"image\/png","media_details":{"width":447,"height":277,"file":"2025\/02\/Preparacio-terreny-obra-per-construccio-modular.png","filesize":302069,"sizes":{"medium":{"file":"Preparacio-terreny-obra-per-construccio-modular-300x186.png","width":300,"height":186,"filesize":111462,"mime_type":"image\/png","source_url":"https:\/\/www.compacthabit.com\/wp-content\/uploads\/2025\/02\/Preparacio-terreny-obra-per-construccio-modular-300x186.png"},"thumbnail":{"file":"Preparacio-terreny-obra-per-construccio-modular-150x150.png","width":150,"height":150,"filesize":47241,"mime_type":"image\/png","source_url":"https:\/\/www.compacthabit.com\/wp-content\/uploads\/2025\/02\/Preparacio-terreny-obra-per-construccio-modular-150x150.png"},"post-thumbnail":{"file":"Preparacio-terreny-obra-per-construccio-modular-236x146.png","width":236,"height":146,"filesize":71791,"mime_type":"image\/png","source_url":"https:\/\/www.compacthabit.com\/wp-content\/uploads\/2025\/02\/Preparacio-terreny-obra-per-construccio-modular-236x146.png"},"50x50":{"file":"Preparacio-terreny-obra-per-construccio-modular-50x31.png","width":50,"height":31,"filesize":3907,"mime_type":"image\/png","source_url":"https:\/\/www.compacthabit.com\/wp-content\/uploads\/2025\/02\/Preparacio-terreny-obra-per-construccio-modular-50x31.png"},"clients-slider":{"file":"Preparacio-terreny-obra-per-construccio-modular-121x75.png","width":121,"height":75,"filesize":20451,"mime_type":"image\/png","source_url":"https:\/\/www.compacthabit.com\/wp-content\/uploads\/2025\/02\/Preparacio-terreny-obra-per-construccio-modular-121x75.png"},"testimonials":{"file":"Preparacio-terreny-obra-per-construccio-modular-85x85.png","width":85,"height":85,"filesize":16494,"mime_type":"image\/png","source_url":"https:\/\/www.compacthabit.com\/wp-content\/uploads\/2025\/02\/Preparacio-terreny-obra-per-construccio-modular-85x85.png"},"blog-navi":{"file":"Preparacio-terreny-obra-per-construccio-modular-80x80.png","width":80,"height":80,"filesize":14669,"mime_type":"image\/png","source_url":"https:\/\/www.compacthabit.com\/wp-content\/uploads\/2025\/02\/Preparacio-terreny-obra-per-construccio-modular-80x80.png"},"full":{"file":"Preparacio-terreny-obra-per-construccio-modular.png","width":447,"height":277,"mime_type":"image\/png","source_url":"https:\/\/www.compacthabit.com\/wp-content\/uploads\/2025\/02\/Preparacio-terreny-obra-per-construccio-modular.png"}},"image_meta":{"aperture":"0","credit":"","camera":"","caption":"","created_timestamp":"0","copyright":"","focal_length":"0","iso":"0","shutter_speed":"0","title":"","orientation":"0","keywords":[]}},"post":8128,"source_url":"https:\/\/www.compacthabit.com\/wp-content\/uploads\/2025\/02\/Preparacio-terreny-obra-per-construccio-modular.png","_links":{"self":[{"href":"https:\/\/www.compacthabit.com\/es\/wp-json\/wp\/v2\/media\/8134","targetHints":{"allow":["GET"]}}],"collection":[{"href":"https:\/\/www.compacthabit.com\/es\/wp-json\/wp\/v2\/media"}],"about":[{"href":"https:\/\/www.compacthabit.com\/es\/wp-json\/wp\/v2\/types\/attachment"}],"author":[{"embeddable":true,"href":"https:\/\/www.compacthabit.com\/es\/wp-json\/wp\/v2\/users\/1"}],"replies":[{"embeddable":true,"href":"https:\/\/www.compacthabit.com\/es\/wp-json\/wp\/v2\/comments?post=8134"}]}}

<!-- This site is optimized with the Yoast SEO plugin v26.0 - https://yoast.com/wordpress/plugins/seo/ -->
<title>Preparacio terreny obra per construccio modular - CompactHabit</title>
<meta name="robots" content="index, follow, max-snippet:-1, max-image-preview:large, max-video-preview:-1" />
<meta property="og:locale" content="es_ES" />
<meta property="og:type" content="article" />
<meta property="og:title" content="Preparacio terreny obra per construccio modular - CompactHabit" />
<meta property="og:url" content="https://www.compacthabit.com/es/2025/02/14/reduccion-plazos-de-la-construccion-con-construccion-modular/preparacio-terreny-obra-per-construccio-modular-2/" />
<meta property="og:site_name" content="CompactHabit" />
<meta property="article:publisher" content="https://www.facebook.com/CompactHabit/" />
<meta property="article:modified_time" content="2025-02-06T09:16:17+00:00" />
<meta property="og:image" content="https://www.compacthabit.com/wp-content/uploads/2025/02/Preparacio-terreny-obra-per-construccio-modular.png?_t=1738833377" />
	<meta property="og:image:width" content="447" />
	<meta property="og:image:height" content="277" />
	<meta property="og:image:type" content="image/png" />
<meta name="twitter:card" content="summary_large_image" />
<meta name="twitter:site" content="@compacthabit2" />
<script type="application/ld+json" class="yoast-schema-graph">{"@context":"https://schema.org","@graph":[{"@type":"WebPage","@id":"https://www.compacthabit.com/es/2025/02/14/reduccion-plazos-de-la-construccion-con-construccion-modular/preparacio-terreny-obra-per-construccio-modular-2/","url":"https://www.compacthabit.com/es/2025/02/14/reduccion-plazos-de-la-construccion-con-construccion-modular/preparacio-terreny-obra-per-construccio-modular-2/","name":"Preparacio terreny obra per construccio modular - CompactHabit","isPartOf":{"@id":"https://www.compacthabit.com/es/fr/#website"},"datePublished":"2025-02-06T09:15:54+00:00","dateModified":"2025-02-06T09:16:17+00:00","breadcrumb":{"@id":"https://www.compacthabit.com/es/2025/02/14/reduccion-plazos-de-la-construccion-con-construccion-modular/preparacio-terreny-obra-per-construccio-modular-2/#breadcrumb"},"inLanguage":"es","potentialAction":[{"@type":"ReadAction","target":["https://www.compacthabit.com/es/2025/02/14/reduccion-plazos-de-la-construccion-con-construccion-modular/preparacio-terreny-obra-per-construccio-modular-2/"]}]},{"@type":"BreadcrumbList","@id":"https://www.compacthabit.com/es/2025/02/14/reduccion-plazos-de-la-construccion-con-construccion-modular/preparacio-terreny-obra-per-construccio-modular-2/#breadcrumb","itemListElement":[{"@type":"ListItem","position":1,"name":"Portada","item":"https://www.compacthabit.com/es/"},{"@type":"ListItem","position":2,"name":"Reducción de plazos en construcción: cómo avanzar más rápido con la construcción modular","item":"https://www.compacthabit.com/es/2025/02/14/reduccion-plazos-de-la-construccion-con-construccion-modular/"},{"@type":"ListItem","position":3,"name":"Preparacio terreny obra per construccio modular"}]},{"@type":"WebSite","@id":"https://www.compacthabit.com/es/fr/#website","url":"https://www.compacthabit.com/es/fr/","name":"CompactHabit","description":"","potentialAction":[{"@type":"SearchAction","target":{"@type":"EntryPoint","urlTemplate":"https://www.compacthabit.com/es/fr/?s={search_term_string}"},"query-input":{"@type":"PropertyValueSpecification","valueRequired":true,"valueName":"search_term_string"}}],"inLanguage":"es"}]}</script>
<!-- / Yoast SEO plugin. -->

Reducción de plazos en construcción: cómo avanzar más rápido con la construcción modular
